+ (-6 - -3 - 3)
2
What is -25 + -10 - -4 - -58?
27
Calculate (78 - 73) + -7 + 2 + 0.
0
What is (31 - -10 - 13 - (4 + 2)) + 2?
24
-5 + -1 + (-6 - (4 + -2))
-14
What is -6 + 1 + (2 - (-1 - (-1 - 6)))?
-9
Evaluate (-1 + -4 - (-2 - -3 - -5)) + 2.
-9
Evaluate 54 + -55 + (17 - (3 - 0)).
13
What is the value of -4 - ((-34 - (-14 + 14)) + 2)?
28
(-18 - -49) + -46 - (-10 + 1)
-6
What is the value of 7 + 11 + (18 - 74)?
-38
What is 9 + -10 + (4 - -6)?
9
What is 16 + 0 - (8 - 22)?
30
Evaluate -29 + 25 + (-1 - -13) + -23.
-15
(-32 - -23) + (3 - -3)
-3
Evaluate 4 - (26 - 20) - (2 + -1 + 3).
-6
Calculate (6 - (8 + -8)) + (-1 - 8).
-3
What is 0 + -9 + -68 + 81?
4
What is the value of 9 - (0 - (-10 - -9)) - -2?
10
What is (-15 - -9 - -13) + -43?
-36
What is the value of (-11 + 7 - -1) + 9 + 23 - 3?
26
Calculate (36 - 43 - (-24 - -1)) + -5 + -1.
10
Evaluate -424 - -451 - (19 + 1).
7
Calculate 117 + -114 - (2 - -12 - (-1 + 2)).
-10
What is -8 - (-20 - -12) - 29 - -4?
-25
1610 + -1638 + (36 - 0)
8
What is the value of -5 + (15 - 11) + (0 - 0 - 10)?
-11
Calculate 15 + -2 + -4 - (-3 - (-14 + -17)).
-19
Evaluate 0 + -6 + (-4 - -7) + 16.
13
Evaluate -18 + -1 + 1 + (-28 - 8) + 43.
-11
Calculate (-1 + (-3 + -3 - -1) - -4) + -1.
-3
What is 25 - (7 - (-43 - -13))?
-12
Evaluate (14 - 8) + -4 + (-2 - (2 + -10)).
8
Calculate 1 + 0 - (2 + (10 - (-1 + 6))).
-6
Calculate 2 + -17 - (-100 + 91) - -2.
-4
What is (10 - (3 - (0 + -5))) + (-19 - -2)?
-15
Evaluate (5 - -20) + 2 + -7.
20
Evaluate -18 + 10 - -15 - (-7 + 6 + -13).
21
32 - ((5 - 6) + 10 - -9)
14
Calculate 14 - ((0 - (-10 + 6)) + 3).
7
What is the value of 4 + -6 + (5 - -1) - (-19 + 6)?
17
What is 8 - ((-22 - -3) + 7)?
20
What is (-16 + 39 - -12) + -29?
6
23 + (-55 - -25) - (-14 - -5)
2
What is the value of 1 + (-6 - -1) + -2 - 11?
-17
11 - (17 - 13 - -12)
-5
Evaluate 19 - (45 + -36 + 36).
-26
6 + -11 + (9 - 11) - -14
7
-5 - 10 - -16 - -9
10
Evaluate -33 + 6 + (37 - 34).
-24
What is -27 - (-28 - -5) - -14?
10
What is (13 - 6) + -1 + 10 + -13 + -20?
-17
What is the value of (0 - (-17 - -13)) + (1 - 15) - -4?
-6
Calculate 1 - (18 - (8 + 19)).
10
Evaluate 5 - (38 - (43 - 11)).
-1
(3 - 0 - -2) + 17 + -4 + -29
-11
What is -28 + 8 + 10 - (7 - (3 - 2))?
-16
What is the value of (-32 + 39 - -16) + (-2 - 8)?
13
What is 23 + (1 + 20 - (-350 + 361))?
33
Evaluate -1 - (11 - (2 + 0 + (27 - 28))).
-11
Evaluate 4 + -12 - (72 - 68).
-12
Evaluate -13 + (-9 - (3 - 6 - 2)) + 4.
-13
Calculate -21 + 2 + (-70 - -115).
26
What is the value of (-12 - -15) + 0 + 4 - 2?
5
-7 - (-78 + 72 - (4 + 2 + -5))
0
What is -8 - 2 - 12 - -37?
15
Calculate 7 + (4 - 5) - (4 - 5 - 6).
13
Evaluate 506 + -519 + (3 - 1).
-11
What is (15 - 13) + (4 - 0)?
6
What is the value of 7 + (-3 + (-4 - 2 - -14) - 16)?
-4
Calculate -7 + 5 + -2 + 5 - (-10 + 12).
-1
-5 - (8 + -1 + 10 + -18)
-4
Calculate (42 - 55) + (0 - -6) + 17.
10
What is -6 - (0 + -6 + 12 - (2 + 1))?
-9
What is the value of 30 + -14 + 11 + -4?
23
(-2 - -3) + 2 + (184 - 188)
-1
What is the value of (-3 - -9) + (-1 - -10) + -7 - 27?
-19
What is the value of -12 - -12 - (1 + -1) - -3?
3
Calculate (1 - 16) + (1 - -7).
-7
30 - (67 - (4 - -23))
-10
What is the value of -11 - ((-6 - -9) + -4)?
-10
What is 307 + -317 + (-1 - -15)?
4
Calculate (-38 - -43) + (2 - 2).
5
Calculate 30 + -83 + 36 + -3.
-20
What is -6 + (0 - (7 + -2)) + 1 + 10?
0
Evaluate 2 + 16 + (7 + -4 + 5 - 6).
20
(103 - 81) + (5 - 5)
22
Calculate -1244 + 1244 - (-2 + 12).
-10
What is (0 - -4) + (-2 + 4 - 1) + 0?
5
What is -14 - (-6 + 7 - 7) - -10?
2
Evaluate (12 - (-12 + 13)) + -22.
-11
What is -4 + 4 - ((-12 - -7) + 1)?
4
Calculate 3 + 4 - 8 - 4 - 2 - 3.
-10
-28 + 32 - (9 - 16)
11
Calculate -2 + (-1 - -14) + (-1 - (3 + -9)).
16
Calculate -12 - (-9 + -14 + 9).
2
What is (32 + -66 - -71) + 0 + -9?
28
Evaluate (-6 - -1 - -8) + -3 - 12.
-12
What is -2 + 8 + 2 + -28?
-20
Calculate -4 + -2 + 8 + -9 - (6 + 1).
-14
Evaluate (-16 - (-9 - 7)) + (9 - -4).
13
16 + (-29 - -16) - 18
-15
What is the value of 3 + (-11 + 1 - -2)?
-5
Evaluate -718 + 721 - (-22 + 0 + -2 - -1).
26
Calculate -3899 + 3902 + (-1 + 3 - (2 - 0)).
3
What is the value of 3 + (3 + -3 - -15) + -13?
5
What is -7 - (-20 + 5) - (-18 + 0 + 3)?
23
What is the value of (2 - (1 - (5 + 3))) + -13?
-4
Calculate (2 - (6 + -2) - 5) + (566 - 551).
8
Evaluate (115 - 108) + (-4 + -14 - -4).
-7
What is the value of -65 + (7 - -26) + 31?
-1
What is -17 + (84 - (-3 + 37))?
33
(0 - (-6 + 3)) + (-5 + 3 - -4)
5
What is -21 - -36 - (33 - -3)?
-21
What is the value of 5 + (1 - (1 + (3 - -1) + -7))?
8
What is -3 - (-6 - 4 - -3)?
4
16 + (19 + 0 - 38)
-3
(4 - (16 - 15)) + -6
-3
3 + -1 + ((-4 - -3) + 1 - -14)
16
Evaluate (47 - 28) + (2 + -1 - 6).
14
Calculate 1695 + -1666 + (2 - (-1 - -16)).
16
Calculate -18 - (-1 - 1) - ((-19 - 10) + 22).
-9
Calculate (28 - 16) + -8 - 23.
-19
7 + 25 + -16 + -2
14
What is the value of ((1 - 0 - 33) + -4 - -6) + 9?
-21
What is the value of 17 - (6 - (-6 - (7 + -6 - 8)))?
12
What is the value of (-29 + 12 + 2 - -14) + -5?
-6
Calculate (0 - 3) + (-15 - (-7 + 1 - -1)).
-13
Calculate -2 + -8 - (13 + -18 - -7).
-12
Evaluate (-7 + 15 - 1) + 5.
12
Calculate 8 - ((-4 - 9) + 11).
10
What is the value of (5 - (-3 - 3 - -3)) + -21?
-13
What is (48 - (24 - 0)) + -43?
-19
What is 2132 + -2151 + (1 - 8)?
-26
14 - -41 - (17 + -3)
41
What is the value of -21 + (19 - -10) - (-5 + -3 + 5)?
11
Evaluate -10 - (9 + -57 - -26).
12
Evaluate 8 + -2 + (7 - 11) - 1 - -7.
8
0 + -14 - -23 - 27
-18
What is the value of -1 + -11 - (-6 - -3) - (-12 - -5)?
-2
What is -37 + 28 + (-7 - 1)?
-17
0 - (0 + -1 - 13)
14
What is the value of 392 + -387 + (16 - (-3 + 7))?
17
Evaluate 11 + (26 - 24) + (-7 - -1) - -6.
13
Evaluate (-6 - -3) + (-13 - -2 - -6) + -14.
-22
What is the value of 46 + -46 - ((-2 - 9) + 1)?
10
44 - -3 - (-34 + 63)
18
What is the value of 0 + -8 + 0 + 22 + -8?
6
What is (-6 - (3 - 3)) + 5 + (-12 - -8)?
-5
Calculate (8 - 5) + -36 + 59.
26
Evaluate -3 - (-6 - (10 + -9)) - -7.
11
Evaluate 6 - (-9 + -1) - 2.
14
Evaluate -212 + 213 - (-1 - (1 + 21)) - 8.
16
What is the value of (218 + -218 - (1 - -9)) + 12?
2
What is (-23 - -12 - -12 - (2 + 5)) + 0?
-6
Calculate -10 - (-12 + 0 + 21).
-19
Evaluate 6 + -1 - (-17 - (3 + -15)).
10
-5 + 10 - (10 + -13 + -3)
11
Evaluate -43 - (-24 - 9) - 20.
-30
What is the value of (10 - (-2 - 6)) + -24?
-6
What is 0 + 0 + (9 - 2 - 1)?
6
What is -33 - (0 + -1) - ((28 - 54) + 17)?
-23
What is the value of -3 + (-141 + 152 + (-10 - 0) - 3)?
-5
Evaluate -18 - -21 - 5 - 11.
-13
Evaluate (-2 - -3) + -11 + 11 + -10 + -3.
-12
Calculate 20 + (-20 - -13) - 6 - (1 - -10).
-4
Calculate (-27 + 1 - -13) + 15.
2
Evaluate (-29 - -49) + -3 + -6.
11
6 + -1 + -2 + 5 - 2
6
What is -10 + -14 - (-11 - (-8 + 2))?
-19
What is (36 - 20) + (-26 - 0)?
-10
Calculate (3 + 4 + (11 - -7) - 6) + 9.
28
Calculate 12 - (6 + (-10 - -19) - 16).
13
What is -27 - -14 - (9 + -1 + -17)?
-4
What is the value of -9 + 33 + (1 - 1)?
24
-111 + 57 + (-1 - -13) - -11
-31
Evaluate 5 + (-4 - -6) - -6.
13
What is -25 + 34 + -16 + 3?
-4
Calculate (5 - (3 + -11)) + -10 + 6.
9
Calculate 9 - (10 - ((-9 - -10) + 1 - -9)).
10
Evaluate 9 - 1 - ((-3 + 1 - 5) + 7).
8
(-17 - -6 - (-6 - 2)) + 12
9
What is -1 - 3 - (-6 + 3 - 10)?
9
0 + (-10 - (-15 + -2 + -4))
11
What is -891 + 892 + -1 + -1 + -9?
-10
Evaluate -1 + -16 - (-12 - (5 - 6)).
-6
What is the value of -19 + (17 - (-12 - -36))?
-26
What is the value of (2 - (-1 - -8)) + (-12 + -14 - -21)?
-10
What is -2 - 0 - (-28 - (13 + -33))?
6
What is the value of -1 - (25 + (-10 - -3) - 6)?
-13
What is (-1 - -1) + (36 - 47)?
-11
What is 37 + -23 + 14 - 23?
5
Evaluate 2 + -14 + 2 - (-4 + 6 - 5).
-7
What is the value of 22 + (-39 - -40 - (-9 + -2))?
34
-251 - -256 - (0 - 8)
13
Calculate 19 - (37 - 16 - 18).
16
What is the value of (17 - (18 + -6) - 4) + (9 - 2)?
8
-16 - ((-4 - 2) + -1)
-9
Evaluate 5 + -8 + (6 - (4 - -3)) + 4.
0
Calculate 25 - (-1 - (-2 - 6)).
18
What is -42 + 65 + 3 + -1 + -7?
18
-11 - (-107 + 90 - (0 - 8))
-2
What is (-68 - -30) + 33 + 38?
33
Calculate 26 - ((-39 - -29) + 19 + -1 - 8).
26
What is -9 - 9 - (1 + 7)?
-26
What is the value of -8 - (34 + -12 + -41)?
11
14 - (-2 - -7) - -6 - (8 + -2)
9
Calculate (44 + 11 - 57) + (1 - -7).
6
Calculate (-6 - (1 + -3) - 0) + -8.
-12
(13 